{"id":59,"date":"2022-02-24T18:42:57","date_gmt":"2022-02-24T18:42:57","guid":{"rendered":"https:\/\/termekdijugynok.hu\/?page_id=59"},"modified":"2023-07-06T17:28:50","modified_gmt":"2023-07-06T17:28:50","slug":"kapcsolat","status":"publish","type":"page","link":"https:\/\/termekdijugynok.hu\/?page_id=59","title":{"rendered":"Kapcsolat"},"content":{"rendered":"<div class=\"\" style=\"\" >\n    \n    <section class=\"u-clearfix u-image lazyload u-section-2\" id=\"sec-9fd0\" data-image-width=\"1280\" data-image-height=\"853\" data-bg=\"url(&quot;https:\/\/termekdijugynok.hu\/wp-content\/uploads\/2022\/02\/7c5cacd80e87c10d2b199f7ce75eaf3c915140392b827da661c388d918ad9da67c63f8958ee1d6f440d722d9f3e310e34394be1571e31318ce3514_1280-1-2.jpg&quot;)\">\n      <div class=\"u-clearfix u-sheet u-sheet-1\">\n        <h2 class=\"u-align-center u-text u-text-default u-text-1\">Term\u00e9kd\u00edj \u00e9s EPR \u00fcgyint\u00e9z\u00e9s<\/h2>\n      <\/div>\n    <\/section>\n    <section class=\"u-align-center u-clearfix u-expanded-width-xl u-palette-4-light-3 u-section-3\" id=\"sec-29cf\">\n      <div class=\"u-clearfix u-sheet u-valign-middle u-sheet-1\">\n        <div class=\"u-clearfix u-gutter-0 u-layout-wrap u-layout-wrap-1\">\n          <div class=\"u-gutter-0 u-layout\">\n            <div class=\"u-layout-row\">\n              <div class=\"u-align-left u-container-style u-layout-cell u-shape-rectangle u-size-27-lg u-size-27-md u-size-27-sm u-size-27-xs u-size-30-xl u-layout-cell-1\">\n                <div class=\"u-container-layout u-container-layout-1\">\n                  <p class=\"u-text u-text-1\">Ha van k\u00e9rd\u00e9se k\u00fcldj\u00f6n \u00fczenetet, vagy h\u00edvjon fel!<\/p>\n                  <p class=\"u-text u-text-2\"><b>C\u00edm: 1136 Budapest, Raoul Wallenberg u. 2.<\/b>\n                    <br>\n                    <span style=\"font-weight: 700;\">Telefon: <a href=\"tel:+3620 9449132\" class=\"u-btn u-button-link u-button-style u-text-active-palette-4-dark-1 u-text-hover-palette-4-light-2 u-text-palette-1-base u-btn-1\">+3620 9449132<\/a>\n                    <\/span>\n                    <br>E-mail: <a href=\"mailto:info@termekdijugynok.hu?subject=kapcsolatfelv\u00e9tel\" class=\"u-btn u-button-link u-button-style u-text-palette-1-base u-btn-2\">info@termekdijugynok.hu<\/a>\n                    <br>\n                    <span style=\"font-weight: 700;\">Nyitva:<\/span>&nbsp;9:00 \u2013 18:00&nbsp;<br>\n                  <\/p>\n                  <p class=\"u-text u-text-3\">Ha szeretne \u00e9rtes\u00fclni a term\u00e9kd\u00edj, EPR d\u00edjjal kapcsolatos friss hirekr\u0151l, esem\u00e9nyekr\u0151l, iratkozzon fel h\u00edrlevel\u00fcnkre!<\/p>\n                  <div class=\"u-align-center u-widget u-widget-1\"><div class=\"widget widget_text\"><h2 class=\"widgettitle\">H\u00edrlev\u00e9l feliratkoz\u00e1s<\/h2>\t\t\t<div class=\"textwidget\"><script>(function() {\n\twindow.mc4wp = window.mc4wp || {\n\t\tlisteners: [],\n\t\tforms: {\n\t\t\ton: function(evt, cb) {\n\t\t\t\twindow.mc4wp.listeners.push(\n\t\t\t\t\t{\n\t\t\t\t\t\tevent   : evt,\n\t\t\t\t\t\tcallback: cb\n\t\t\t\t\t}\n\t\t\t\t);\n\t\t\t}\n\t\t}\n\t}\n})();\n<\/script><!-- Mailchimp for WordPress v4.12.1 - https:\/\/wordpress.org\/plugins\/mailchimp-for-wp\/ --><form id=\"mc4wp-form-1\" class=\"mc4wp-form mc4wp-form-186\" method=\"post\" data-id=\"186\" data-name=\"h\u00edrlev\u00e9l\" ><div class=\"mc4wp-form-fields\"><p>\r\n\t<label>E-mail c\u00edm: \r\n\t\t<input type=\"email\" name=\"EMAIL\" placeholder=\"Az \u00d6n e-mail c\u00edme\" required \/>\r\n<\/label>\r\n<\/p>\r\n\r\n<p>\r\n\t<input type=\"submit\" value=\"Feliratkoz\u00e1s\" \/>\r\n<\/p><\/div><label style=\"display: none !important;\">Ha \u00d6n ember, hagyja \u00fcresen ezt a mez\u0151t: <input type=\"text\" name=\"_mc4wp_honeypot\" value=\"\" tabindex=\"-1\" autocomplete=\"off\" \/><\/label><input type=\"hidden\" name=\"_mc4wp_timestamp\" value=\"1776324569\" \/><input type=\"hidden\" name=\"_mc4wp_form_id\" value=\"186\" \/><input type=\"hidden\" name=\"_mc4wp_form_element_id\" value=\"mc4wp-form-1\" \/><div class=\"mc4wp-response\"><\/div><\/form><!-- \/ Mailchimp for WordPress Plugin -->\n<\/div>\n\t\t<\/div><\/div>\n                <\/div>\n              <\/div>\n              <div class=\"u-align-left u-container-style u-layout-cell u-palette-2-base u-shape-rectangle u-size-30-xl u-size-33-lg u-size-33-md u-size-33-sm u-size-33-xs u-layout-cell-2\">\n                <div class=\"u-container-layout u-valign-middle-xl u-container-layout-2\">\n                  <div class=\"u-form u-form-1\">\n                    <form action=\"https:\/\/termekdijugynok.hu\/wp-content\/plugins\/nicepage\/templates\/form.php?id=59&formId=8129-29cf\" class=\"u-clearfix u-form-spacing-30 u-form-vertical u-inner-form\" style=\"padding: 0px;\" source=\"customphp\" name=\"form\">\n                      <div class=\"u-form-group u-form-name\">\n                        <label for=\"name-3b9a\" class=\"u-label\" wfd-invisible=\"true\">N\u00e9v:<\/label>\n                        <input type=\"text\" placeholder=\"N\u00e9v:\" id=\"name-3b9a\" name=\"name\" class=\"u-border-2 u-border-no-left u-border-no-right u-border-no-top u-border-white u-input u-input-rectangle u-text-body-color u-input-1\" required=\"\" maxlength=\"40\">\n                      <\/div>\n                      <div class=\"u-form-email u-form-group\">\n                        <label for=\"email-3b9a\" class=\"u-label\" wfd-invisible=\"true\">Email:<\/label>\n                        <input type=\"email\" placeholder=\"40\" id=\"email-3b9a\" name=\"email\" class=\"u-border-2 u-border-no-left u-border-no-right u-border-no-top u-border-white u-input u-input-rectangle u-text-body-color u-input-2\" required=\"\">\n                      <\/div>\n                      <div class=\"u-form-group u-form-phone u-form-group-3\">\n                        <label class=\"u-label\" data-lang-hu=\"Phone\">Phone<\/label>\n                        <input type=\"tel\" placeholder=\"Enter your phone (e.g. +14155552675)\" id=\"phone-8264\" name=\"Telefon:\" class=\"u-border-2 u-border-no-left u-border-no-right u-border-no-top u-border-white u-input u-input-rectangle u-text-body-color u-input-3\" required=\"\" data-lang-hu=\"Enter your phone (e.g. +14155552675)\">\n                      <\/div>\n                      <div class=\"u-form-group u-form-message\">\n                        <label for=\"message-3b9a\" class=\"u-label\" wfd-invisible=\"true\">\u00dczenet:<\/label>\n                        <textarea placeholder=\"\u00dczenet:\" rows=\"4\" cols=\"50\" id=\"message-3b9a\" name=\"message\" class=\"u-border-2 u-border-no-left u-border-no-right u-border-no-top u-border-white u-input u-input-rectangle u-text-body-color u-input-4\" required=\"\" maxlength=\"1000\"><\/textarea>\n                      <\/div>\n                      <div class=\"u-form-checkbox u-form-group u-form-group-5\">\n                        <input type=\"checkbox\" id=\"checkbox-eb6d\" name=\"checkbox\" value=\"On\" required=\"required\" class=\"u-field-input\">\n                        <label for=\"checkbox-eb6d\" class=\"u-text-1 u-field-label\" style=\"\">Nem vagyok robot!<\/label>\n                      <\/div>\n                      <div class=\"u-align-center u-form-group u-form-submit\">\n                        <a href=\"#\" class=\"u-active-palette-2-light-3 u-border-none u-btn u-btn-submit u-button-style u-hover-palette-2-light-3 u-text-active-black u-text-hover-black u-text-palette-2-base u-white u-btn-3\">elk\u00fcld<\/a>\n                        <input type=\"submit\" value=\"submit\" class=\"u-form-control-hidden\" wfd-invisible=\"true\">\n                      <\/div>\n                      <div class=\"u-form-send-message u-form-send-success\" wfd-invisible=\"true\"> Thank you! Your message has been sent. <\/div>\n                      <div class=\"u-form-send-error u-form-send-message\" wfd-invisible=\"true\"> Unable to send your message. Please fix errors then try again. <\/div>\n                      <input type=\"hidden\" value=\"\" name=\"recaptchaResponse\" wfd-invisible=\"true\">\n                    <\/form>\n                  <\/div>\n                <\/div>\n              <\/div>\n            <\/div>\n          <\/div>\n        <\/div>\n      <\/div>\n    <\/section>\n    <section class=\"u-clearfix u-grey-light-2 u-typography-custom-page-typography-12--Map u-section-4\" id=\"carousel_d183\">\n      <div class=\"u-expanded u-grey-light-2 u-map\">\n        <div class=\"embed-responsive\">\n          <iframe class=\"embed-responsive-item lazyload\" data-map=\"JTdCJTIycG9zaXRpb25UeXBlJTIyJTNBJTIybWFwLWFkZHJlc3MlMjIlMkMlMjJhZGRyZXNzJTIyJTNBJTIyMTEzNiUyMEJ1ZGFwZXN0JTJDJTIwUmFvdWwlMjBXYWxsZW5iZXJnJTIwdS4lMjAyLiUyMiUyQyUyMnpvb20lMjIlM0FudWxsJTJDJTIydHlwZUlkJTIyJTNBJTIycm9hZCUyMiUyQyUyMmxhbmclMjIlM0FudWxsJTJDJTIyYXBpS2V5JTIyJTNBbnVsbCUyQyUyMm1hcmtlcnMlMjIlM0ElNUIlNUQlN0Q=\" data-src=\"\/\/maps.google.com\/maps?output=embed&amp;q=1136%20Budapest%2C%20Raoul%20Wallenberg%20u.%202.&amp;t=m\"><\/iframe>\n        <\/div>\n      <\/div>\n    <\/section>\n    \n    \n  \n<\/div>","protected":false},"excerpt":{"rendered":"<p>Term\u00e9kd\u00edj \u00e9s EPR \u00fcgyint\u00e9z\u00e9s Ha van k\u00e9rd\u00e9se k\u00fcldj\u00f6n \u00fczenetet, vagy h\u00edvjon fel! C\u00edm: 1136 Budapest, Raoul Wallenberg u. 2. Telefon: +3620 9449132 E-mail: info@termekdijugynok.hu Nyitva:&nbsp;9:00 \u2013 18:00&nbsp; Ha szeretne \u00e9rtes\u00fclni a term\u00e9kd\u00edj, EPR d\u00edjjal kapcsolatos friss hirekr\u0151l, esem\u00e9nyekr\u0151l, iratkozzon fel h\u00edrlevel\u00fcnkre! H\u00edrlev\u00e9l feliratkoz\u00e1s E-mail c\u00edm: Ha \u00d6n ember, hagyja \u00fcresen ezt a mez\u0151t: N\u00e9v: Email:&hellip; <a class=\"more-link\" href=\"https:\/\/termekdijugynok.hu\/?page_id=59\"><span class=\"screen-reader-text\">Kapcsolat<\/span> olvas\u00e1s\u00e1nak folytat\u00e1sa<\/a><\/p>\n","protected":false},"author":1,"featured_media":0,"parent":0,"menu_order":2,"comment_status":"closed","ping_status":"closed","template":"","meta":{"two_page_speed":{"previous_score":{"desktop_score":89,"desktop_tti":"0.7\u00a0","mobile_score":64,"mobile_tti":"8.4\u00a0","date":"30.06.2023 06:31:04 pm","status":"completed"},"current_score":{"desktop_score":94,"desktop_tti":"0.3\u00a0","mobile_score":96,"mobile_tti":"1.1\u00a0","date":"03.07.2023 05:34:01 am","status":"completed"}},"footnotes":""},"class_list":["post-59","page","type-page","status-publish","hentry","entry"],"_links":{"self":[{"href":"https:\/\/termekdijugynok.hu\/index.php?rest_route=\/wp\/v2\/pages\/59","targetHints":{"allow":["GET"]}}],"collection":[{"href":"https:\/\/termekdijugynok.hu\/index.php?rest_route=\/wp\/v2\/pages"}],"about":[{"href":"https:\/\/termekdijugynok.hu\/index.php?rest_route=\/wp\/v2\/types\/page"}],"author":[{"embeddable":true,"href":"https:\/\/termekdijugynok.hu\/index.php?rest_route=\/wp\/v2\/users\/1"}],"replies":[{"embeddable":true,"href":"https:\/\/termekdijugynok.hu\/index.php?rest_route=%2Fwp%2Fv2%2Fcomments&post=59"}],"version-history":[{"count":11,"href":"https:\/\/termekdijugynok.hu\/index.php?rest_route=\/wp\/v2\/pages\/59\/revisions"}],"predecessor-version":[{"id":219,"href":"https:\/\/termekdijugynok.hu\/index.php?rest_route=\/wp\/v2\/pages\/59\/revisions\/219"}],"wp:attachment":[{"href":"https:\/\/termekdijugynok.hu\/index.php?rest_route=%2Fwp%2Fv2%2Fmedia&parent=59"}],"curies":[{"name":"wp","href":"https:\/\/api.w.org\/{rel}","templated":true}]}}